{"id":5592,"date":"2022-10-11T22:59:56","date_gmt":"2022-10-12T01:59:56","guid":{"rendered":"https:\/\/sodecristo.org.br\/hejme\/?page_id=5592"},"modified":"2026-03-25T20:17:57","modified_gmt":"2026-03-25T23:17:57","slug":"o-caminho-a-verdade-e-a-vida","status":"publish","type":"page","link":"https:\/\/sodecristo.org.br\/hejme\/o-caminho-a-verdade-e-a-vida\/","title":{"rendered":"&#8220;Jesus, o Caminho a Verdade e da Vida&#8221;"},"content":{"rendered":"<table style=\"border-collapse: collapse; width: 100%;\">\n<tbody>\n<tr>\n<td style=\"width: 50%;\"><img decoding=\"async\" src=\"https:\/\/sodecristo.org.br\/hejme\/wp-content\/uploads\/2019\/05\/cropped-tentacao_jesus_novo_site-1-360x240.jpg\" class=\"alignleft\" \/><\/td>\n<td style=\"width: 50%; text-align: right;\"><strong><span style=\"font-size: small;\">10 Jesus respondeu e disse-lhe:Tu \u00e9s mestre de Israel, e\u00a0 n\u00e3o sabes isso? 11 Na verdade, na verdade te digo que dizemos o que sabemos e testificamos o que vimos;\u00a0 e n\u00e3o aceitais o nosso testemunho. 12 Se vos falei de coisas terrestres, e n\u00e3o crestes, como crereis, se vos falar das celestiais? Jo\u00e3o 3<\/span><\/strong><\/td>\n<\/tr>\n<\/tbody>\n<\/table>\n<p><b>Nascer de Novo &#8211; Nicodemos<\/b><\/p>\n<p data-pm-slice=\"1 1 []\"><span>O di\u00e1logo com Nicodemos, pr\u00edncipe dos judeus, pela onisci\u00eancia do Cristo, foi intu\u00eddo pelos anjos, pois ele queria ouvir do pr\u00f3prio Jesus a confirma\u00e7\u00e3o de ser Ele o Messias anunciado.<\/span><\/p>\n<p><span>No entanto, Jesus tinha em mente deixar para o futuro mais uma das indica\u00e7\u00f5es, na inten\u00e7\u00e3o de estabelecer um conjunto de chaves enigm\u00e1ticas, por falta de termos exatos para o real esclarecimento e tamb\u00e9m pelo qu\u00e3o longe est\u00e1 o nosso entender sobre as coisas que ainda permanecem ocultas at\u00e9 os dias de hoje.<\/span><\/p>\n<p><span>Em muitos momentos de sua miss\u00e3o, Jesus era questionado pelos escribas e fariseus sobre sua filia\u00e7\u00e3o divina, e respondendo, era insultado por acreditarem que a quem eles esperavam n\u00e3o se originava de pais humanos. Estes iludiram-se em suas ila\u00e7\u00f5es presun\u00e7osas ao elevarem-se a um estado de poder, um enviado \u00e0 altura de intimidar seus opressores, os romanos.<\/span><\/p>\n<p><span>Sendo um Esp\u00edrito Sideral, formado pelas mais claras Luzes da Verdade, assim como todos os que se tornam os Tutores Celestes, na dire\u00e7\u00e3o e harmoniza\u00e7\u00e3o de vidas no seio do Criador, Jesus Cristo desvia do pensamento de Nicodemos, o que intencionava lhe perguntar, por ser recorrente.<\/span><\/p>\n<p><span><em>Na verdade, na verdade te digo que aquele que n\u00e3o nascer de novo, n\u00e3o poder\u00e1 ver o Reino de Deus.\u00a0 <\/em>Express\u00e3o essencial para colocar em harmonia com o seu pensamento celestial e firmar no entendimento de todos n\u00f3s, humanos, o esp\u00edrito e a vida que est\u00e3o nas letras do seu Evangelho.<\/span><\/p>\n<p><span>Muito natural, de imediato, despertar em Nicodemos a ideia de ressurrei\u00e7\u00e3o, o que era comum em todos os tempos. No entanto, o questionamento sobre como voltar para o Para\u00edso pressupunha que Jesus esclareceria essa d\u00favida.<\/span><\/p>\n<p><span>Jesus, ent\u00e3o, alude \u00e0 volta do Esp\u00edrito para a vida no espa\u00e7o, verdadeira e definitiva. Sa\u00edmos da vida de encarnados, de humanos, da morte do Esp\u00edrito em que nos encontramos, para regressar ao para\u00edso, regenerados, sem as imperfei\u00e7\u00f5es que motivaram a necessidade de passar pela encarna\u00e7\u00e3o, pela \u00e1rvore do conhecimento do bem e do mal.<\/span><\/p>\n<p>Jesus explica as coisas concernentes \u00e0s terrestres, dizendo:<em> &#8220;Na verdade, na verdade te digo que aquele que n\u00e3o nascer da \u00e1gua e do Esp\u00edrito n\u00e3o pode entrar no reino de Deus.&#8221; 6 O que \u00e9 nascido da carne \u00e9 carne, e o que \u00e9 nascido do Esp\u00edrito \u00e9 esp\u00edrito. 7 N\u00e3o te maravilhes de te ter dito: necess\u00e1rio vos \u00e9 nascer de novo<\/em>.<\/p>\n<p><span>Aqueles que n\u00e3o passarem pela encarna\u00e7\u00e3o humana, para a remiss\u00e3o das imperfei\u00e7\u00f5es de natureza primitiva, n\u00e3o poder\u00e3o voltar ao para\u00edso, condi\u00e7\u00e3o do esp\u00edrito puro e livre.<\/span><\/p>\n<p><span>Jesus n\u00e3o menciona reencarna\u00e7\u00e3o e sim a volta dos esp\u00edritos \u00e0 sua <em>Vinha<\/em>. Enviados \u00e0 terra, recebemos um corpo de carne para conhecer o bem nas constantes lutas contra o mal. S\u00f3 assim para nos livrarmos dos <em>pecados:<\/em> imperfei\u00e7\u00f5es origin\u00e1rias da alma.<\/span><\/p>\n<p>Na continua\u00e7\u00e3o, Jesus desmembra o que \u00e9 terrestre do que \u00e9 celestial: <em>O que \u00e9 nascido da carne \u00e9 carne, <\/em>o corpo<em>, e o que \u00e9 nascido do Esp\u00edrito \u00e9 esp\u00edrito, <\/em>a alma.<\/p>\n<p><em>&#8220;8 O vento sopra onde quer, e (tu) ouves a sua voz; (tu), por\u00e9m, n\u00e3o sabes de onde vem, nem para onde vai; assim \u00e9 todo aquele que \u00e9 nascido do Esp\u00edrito. 9 Nicodemos respondeu e disse-lhe: &#8220;Como pode suceder isso?&#8221; 10 Jesus respondeu e disse-lhe: Tu \u00e9s mestre de Israel, e n\u00e3o sabes isso? 11 Na verdade, na verdade te digo que dizemos o que sabemos e testificamos o que vimos; e n\u00e3o aceitais o nosso testemunho.&#8221;<\/em><\/p>\n<p><em>&#8220;12 Se vos falei de coisas terrestres, e n\u00e3o crestes, como crereis, se vos falar das celestiais?&#8221;<\/em><\/p>\n<p><span>De onde o Esp\u00edrito vem e para onde ele vai, nem todos sabem; est\u00e1 a\u00ed justamente o que precisamos conhecer, as coisas celestiais.<\/span><\/p>\n<p><span>Nesses dois mil anos que se passaram, podemos afirmar que nem as coisas terrenas nem as celestiais est\u00e3o compreendidas, em esp\u00edrito e verdade, como procedentes do cora\u00e7\u00e3o do Divino Mestre, que deseja ver-nos livres do julgo da carne.<\/span><\/p>\n<p><span>A encarna\u00e7\u00e3o \u00e9 o elo terrestre que liga as duas extremidades celestes, para o entendimento do esp\u00edrito no seu verdadeiro significado: de onde viemos e para onde vamos.<\/span><\/p>\n<p><span>O Esp\u00edrito Santo, que representa a Doutrina dos Esp\u00edritos, atua sob a dire\u00e7\u00e3o do Esp\u00edrito da Verdade, o Anjo que abre os caminhos do Senhor e prepara o advento da reden\u00e7\u00e3o.<\/span><\/p>\n<p style=\"text-align: center;\"><strong><span style=\"font-family: Chilanka; font-size: medium;\">Os Filhos de Deus e a Humanidade do Cristo<\/span><\/strong><\/p>\n<table style=\"border-collapse: collapse; width: 100%; height: 87px;\">\n<tbody>\n<tr style=\"height: 87px;\">\n<td style=\"width: 25%; height: 87px;\"><\/td>\n<td style=\"width: 25%; height: 87px;\"><\/td>\n<td style=\"width: 8.33328%; height: 87px;\"><\/td>\n<td style=\"width: 41.6667%; height: 87px; text-align: right;\"><strong><span style=\"font-size: 10pt;\">Mateus 25 &#8211; Natureza dos Esp\u00edritos: &#8211; Unig\u00eanito, Esp\u00edritos Ang\u00e9licos;\u00a0 &#8211; Esp\u00edritos sob a tutela de Jesus.<\/span><\/strong><\/td>\n<\/tr>\n<\/tbody>\n<\/table>\n<p data-pm-slice=\"1 1 []\">Jesus, a Luz que desceu do C\u00e9u, revela sua natureza e posi\u00e7\u00e3o hier\u00e1rquica, al\u00e9m de nos informar sobre as falas prof\u00e9ticas que abordam a necessidade de certos esp\u00edritos passarem pelas encarna\u00e7\u00f5es materiais desde o princ\u00edpio, preparando-se para o entendimento real da Exist\u00eancia, enquanto outros evoluem livre dos recursos corporais.<\/p>\n<p>No cap\u00edtulo 25 de Mateus, em toda sua extens\u00e3o, o Filho de Deus, em seu discurso, desenvolve em tr\u00eas lances a epopeia de sua miss\u00e3o. Ele discute de onde viemos, para onde vamos, assuntos celestes, e o porqu\u00ea de n\u00f3s, humanos, estarmos na Terra, assuntos terrestres, em obedi\u00eancia aos des\u00edgnios do Pai, Deus de sabedoria e de bondade.<\/p>\n<p><span>O Mestre destaca sua posi\u00e7\u00e3o e revela serem duas naturezas e dois os caminhos na evolu\u00e7\u00e3o dos Esp\u00edritos, quando no Seio do Eterno: os princ\u00edpios espirituais, \u00e1tomos celestes, nossas almas, aguardam o despertar. Ativadas por a\u00e7\u00f5es organizadas sob a dire\u00e7\u00e3o do Cristo, um conjunto de Entidades Ang\u00e9licas as despertar\u00e1 para a corrida gloriosa rumo \u00e0 vida na eternidade.<\/span><\/p>\n<p><span>Centelhas divinas, esp\u00edritos que, por si s\u00f3, se desenvolvem pelo estado livre, sem que precisem de alguma interfer\u00eancia da mat\u00e9ria, se tornam as Intelig\u00eancias Divinas, as Intelig\u00eancias Gloriosas, os Arquitetos Maiores e os Tutores Espirituais: Unig\u00eanitos, respons\u00e1veis pela funda\u00e7\u00e3o e manuten\u00e7\u00e3o do mundo corporal, da mat\u00e9ria, recurso este, o segundo caminho, para despertar e desenvolver as almas que necessitam de est\u00edmulos, de astralidades, sem os quais poder\u00edamos n\u00e3o ter um crescimento adequado para alcan\u00e7ar e participar dos Banquetes Celestiais que perpetuam na gl\u00f3ria Divina.<\/span><\/p>\n<p>A sabedoria do Mestre Jesus revela esses dois caminhos, \u00fanicos, aos seus ap\u00f3stolos, em momentos de plena ternura, quando diz: \u201c<em>1 E ent\u00e3o, naquele dia, antes que venha o Filho do Homem, o Reino dos C\u00e9us ser\u00e1 semelhante a dez virgens que, tomando as suas l\u00e2mpadas, sa\u00edram ao encontro do noivo. 2 E cinco delas eram prudentes, e cinco, insensatas. 3 As insensatas, tomando as suas l\u00e2mpadas, n\u00e3o levaram azeite consigo, 4 mas as prudentes levaram-no nos seus vasos, com as suas l\u00e2mpadas. 5 E, tardando o noivo, tosquenejaram todas, e adormeceram\u201d<\/em>.<\/p>\n<p>As virgens prudentes simbolizam almas que, quando ainda em germe no seio de Deus, j\u00e1 possu\u00edam o fogo sagrado da vida, representado pelos princ\u00edpios divinos, o azeite, que elas levaram \u00e0s bodas. Ter\u00e3o seus crescimentos retil\u00edneos ao longo de seus aprendizados, alcan\u00e7ando o mais alto n\u00edvel das caracter\u00edsticas divinas e tornando-se as Pot\u00eancias Ang\u00e9licas e os Tutores Espirituais. S\u00e3o os Primog\u00eanitos, respons\u00e1veis pela forma\u00e7\u00e3o dos mundos \u00e0 medida que evoluem.<\/p>\n<p>Jesus, com sua falange, nos acolheu, desde o come\u00e7o, princ\u00edpios espirituais, criando mundos, est\u00e1gios evolutivos a nos ungir pelo \u00f3leo sagrado para a vida ativa, for\u00e7a para alcan\u00e7ar e exercer as tarefas designadas por Deus.<\/p>\n<p><span>Cristo, o ungido do Senhor, express\u00e3o dita, indicando ser Ele, os que t\u00eam qualidades pr\u00f3prias servidas pela Mente Divina, que, no esfor\u00e7o, alcan\u00e7ou a sumidade em perfei\u00e7\u00e3o, tornou-se uma For\u00e7a Espiritual, na condi\u00e7\u00e3o de ser o dirigente de toda equipe formada por Esp\u00edritos Ang\u00e9licos, n\u00e3o menos perfeitos. Fundou mundos designados a despertarem n\u00f3s, os princ\u00edpios inteligentes, destitu\u00eddos do azeite, que, auxiliados, passamos por todos os recursos materiais, nascendo para a vida livre de esp\u00edrito. Tal como as virgens prudentes, at\u00e9 alcan\u00e7armos a perfei\u00e7\u00e3o, somos reconhecidamente gratos pela dadivosa a\u00e7\u00e3o do Irm\u00e3o Maior, sem o qual estar\u00edamos esperando um come\u00e7o.<\/span><\/p>\n<p><span>Enquanto dormitavam no seio divino, essas virgens t\u00eam nas suas vidas o in\u00edcio de um caminho longo a percorrer.<\/span><\/p>\n<p><span>O primeiro est\u00e1gio de um mundo em constru\u00e7\u00e3o foi acionado pelas pot\u00eancias ang\u00e9licas sob a governan\u00e7a de um Tutor Espiritual, em nome do Pai. Este constitui definitivamente as suas m\u00f4nadas, suas ovelhas, o seu rebanho: termos que Jesus usa para conosco na sua visita \u00e0 Terra, parte da sua fam\u00edlia, a zelar por amor.<\/span><\/p>\n<p><span>Assim, conforme as escrituras, \u00e0 zero hora, d\u00e1-se in\u00edcio \u00e0 grande jornada para a vida plena na perfei\u00e7\u00e3o em Deus, por mil\u00eanios incont\u00e1veis. \u201c<em>6 Mas \u00e0 meia-noite ouviu-se um clamor: \u2018A\u00ed vem o Noivo, sa\u00ed-lhe ao encontro. 7 Ent\u00e3o todas aquelas virgens se levantaram e prepararam as suas l\u00e2mpadas\u201d<\/em>.<\/span><\/p>\n<p>Nesta fam\u00edlia, as almas constitu\u00eddas de est\u00edmulos pr\u00f3prios t\u00eam suas evolu\u00e7\u00f5es, com todos os esfor\u00e7os e dedica\u00e7\u00e3o, sob a mesma orienta\u00e7\u00e3o das entidades ang\u00e9licas, nas tarefas que lhes concernem, para o pr\u00f3prio crescimento em ambiente espiritual, enquanto que as que necessitam do impulso astral ter\u00e3o seus crescimentos pelos caminhos da mat\u00e9ria.<\/p>\n<p>Deus \u00e9 a perfei\u00e7\u00e3o, semeia vidas, espalhando-as em toda Sua exist\u00eancia, para t\u00ea-las gloriosas, perfeitas. Permite \u00e0s almas, identificadas como as prudentes, desenvolverem-se naturalmente em seu Reino, sem jamais terem existido mundos materiaisOLE, onde suas irm\u00e3s caminham para o mesmo fim.<\/p>\n<p><em>&#8220;10 e as que estavam preparadas entraram com ele para as bodas, e fechou-se a porta. 11 E depois chegaram tamb\u00e9m as outras virgens, dizendo: Senhor, Senhor, abre-nos. 12 E ele, respondendo, disse: &#8220;Em verdade vos digo que n\u00e3o vos conhe\u00e7o.&#8221;<\/em><\/p>\n<p>Sua Soberana Justi\u00e7a estende a todas as criaturas o seu magn\u00e2nimo amor, todas ter\u00e3o o mesmo m\u00e9rito em Sua Gloriosa Exist\u00eancia.<\/p>\n<p>E l\u00e1 de dentro, o Senhor as avisa:<\/p>\n<p>\u201c<em>13 Vigiai, pois, porque n\u00e3o sabeis o dia nem a hora em que o Filho do Homem h\u00e1 de vir.\u201d<\/em><\/p>\n<p><span>A advert\u00eancia foi endere\u00e7ada pelo Cristo apenas \u00e0s que ficaram de fora, que fecharam a porta por n\u00e3o terem o azeite em suas l\u00e2mpadas; isso refere-se ao tempo que levariam desde o despertar, passando por mundos corporais e ciclos intermedi\u00e1rios, at\u00e9 estarem prontas para serem convidadas ao trabalho na vinha do Senhor, quando a porta se abre para elas, permitindo que nas\u00e7am para a vida e conquistem o livre-arb\u00edtrio, a consci\u00eancia e a vontade, \u00e0 semelhan\u00e7a do Criador.<\/span><\/p>\n<p>Necessidade da reencarna\u00e7\u00e3o: perda do para\u00edso.<\/p>\n<table style=\"border-collapse: collapse; width: 100%;\">\n<tbody>\n<tr>\n<td style=\"width: 50%;\"><\/td>\n<td style=\"width: 50%; text-align: right;\"><span style=\"font-size: small;\"><b>(Hegemonia de Jesus \u2013 Caminho, Verdade e Vida &#8211; Emmanuel &#8211; Chico Xavier) <\/b><\/span><span style=\"font-size: small;\"><b>=<\/b><\/span><span style=\"font-size: small;\"><b>\u00a0\u201cA localiza\u00e7\u00e3o hist\u00f3rica de Jesus recorda a presen\u00e7a pessoal do Senhor da Vinha\u201d<\/b><\/span><\/td>\n<\/tr>\n<\/tbody>\n<\/table>\n<p>\u201c<i>14 Porque ser\u00e1 tamb\u00e9m <\/i><i>(o Reino dos C\u00e9us) <\/i><i>como um homem que,<\/i><i>\u00a0par<\/i><i>tindo para fora da <\/i><i>sua terra, chamou os seus servos, e entregou-<\/i><i>l<\/i><i>hes os seus bens; 15 E a um deu cinco talentos, e a outro, dois, e a outro, um, a cada um segundo a sua capacidade, e ausentou-se logo para longe.\u201d\u00a0<\/i><\/p>\n<p align=\"right\"><span style=\"font-size: small;\"><b>Jesus revela a natureza das almas\u00a0<\/b><\/span><span style=\"font-size: small;\"><b>pelas duas vias. <\/b><\/span><\/p>\n<p data-pm-slice=\"1 1 []\">Ent\u00e3o, o Senhor veio, passa a relatar, na sequ\u00eancia do seu discurso, detalhando os passos de cada classe das Almas, j\u00e1 na posse do livre arb\u00edtrio, esclarecendo os processos de suas exist\u00eancias e dos seus destinos: \u00e0s que tiveram uma evolu\u00e7\u00e3o livre, pelas suas qualidades e esfor\u00e7os aprimorados, conquistaram cinco talentos, somando-se dez talentos; \u00e0s que, vencidos as etapas de forma\u00e7\u00e3o do corpo espiritual, pelas carreiras da vida mineral, vegetal e animal, nos evos que se perdem nas noites dos universos, conquistaram dois talentos somando-se quatro; e desta classe, grande n\u00fameros de almas, tendo consci\u00eancia para decidirem por si mesmas, ignoravam seus Instrutores, Esp\u00edritos superiores, na ordem Divina, n\u00e3o seguiram o processo natural da vida em crescimento, preferiram dar aten\u00e7\u00e3o aos resqu\u00edcios primitivos, influenciadas umas pelas outras de ess\u00eancias id\u00eanticas, enterraram o talento, s\u00edmbolo que, mesmo tendo j\u00e1 a vida livre, e adquerido conhecimentos elevados, perderam at\u00e9 o que tinha, pela morte espiritual, nascer da \u00e1guaOEJ.<\/p>\n<p>Jesus revela-nos que muitos n\u00e3o quiseram utilizar dos recursos adquiridos, para dobrar suas for\u00e7as, nos exerc\u00edcios da vida celestial, desinteressando-se dos ensinos disponibilizados pelos instrutores espirituais, perderam o fruto de seus esfor\u00e7os, receberam a morte do esp\u00edrito diante do Senhor, enviado para as trevas exteriores, onde haver\u00e1 prantos e ranger de dentes, ou seja, mundos materiais, primitivos, de provas e expia\u00e7\u00e3o e de regenera\u00e7\u00e3o, e, na remiss\u00e3o das imperfei\u00e7\u00f5es, regeneradas, retornarem \u00e0 vinha, ressuscitados, nascidos de novo, livre das deformidades morais, receber\u00e3o das m\u00e3os dos puros Esp\u00edritos, o talento que lhe fora tirado, passar\u00e3o a viver em definitivo, nas classes de onde sucumbiramESE, j\u00e1 com dois talentos, a continuarem a ascens\u00e3o para a ativa, din\u00e2mica e perp\u00e9tua felicidade.<\/p>\n<p>Jesus, Esp\u00edrito sideral, nada disse em suas instru\u00e7\u00f5es, que pud\u00e9ssemos basear nos costumes e h\u00e1bitos dos homens da \u00e9poca. Noivo, em suas par\u00e1bolas, representa o Unig\u00eanito, dirigente m\u00e1ximo da situa\u00e7\u00e3o sobre a qual rege: o Mestre, o Tutor. As Bodas, as Festas Nupciais, s\u00e3o trabalhos ininterruptos no mundo espiritual, atividades plenas para a vida da Alma. As virgens, todas elas, s\u00e3o as almas que vir\u00e3o a ser os anjos do Senhor, os instrumentos que servir\u00e3o aos des\u00edgnios divinos.<\/p>\n<p><span><strong>24 Mas, chegando tamb\u00e9m o\u00a0que recebera um talento, disse:\u00a0Senhor, eu te conhecia, que \u00e9s um\u00a0homem duro, que ceifas onde n\u00e3o semeaste e ajuntas onde n\u00e3o\u00a0espalhaste;<\/strong><\/span><\/p>\n<p>Jesus enuncia a realidade, a chave desta revela\u00e7\u00e3o: uma \u201ctestemunha ocular\u201d. As dez virgens representam justamente as vidas semeadas e espalhadas pelo Criador em seu seio paternal. Nosso Senhor apenas as colheu, ajuntou-as e as criou, na sucess\u00e3o dos mundos. S\u00e3o suas ovelhas e as conhece todas, n\u00f3s e aquelas que nos esperam, nas alturas, um s\u00f3 rebanho, um s\u00f3 Pastor.<\/p>\n<p>Aos poucos, vamos compreendendo a realidade da vida na exist\u00eancia:<\/p>\n<p><span><strong>Jesus desce ao mundo dos mortos, \u00e0 sua humanidade; esclarece condi\u00e7\u00f5es de como retornar; Nascer de novo, ressuscitar, vida eterna, alcan\u00e7ar a angelitude.<\/strong><\/span><\/p>\n<p>Ap\u00f3s concluir seu discurso, Jesus identifica-se como O Filho do Homem. Assume a sublime tarefa de nos consolar e de nos indicar o caminho de volta. Exemplifica sua vinda pessoal e nos ensina a sermos mansos e humildes de cora\u00e7\u00e3o, livres do estado prim\u00e1rio da vida.<\/p>\n<p>\u201c<em>31 E quando o Filho do Homem vier em sua gl\u00f3ria, e todos os santos anjos com ele, ent\u00e3o se assentar\u00e1 no trono da sua gl\u00f3ria; 32 E todas as na\u00e7\u00f5es ser\u00e3o reunidas diante dele, e apartar\u00e1 uns dos outros, como o pastor separa dos bodes as ovelhas.\u201d<\/em><\/p>\n<p>Nesta fala, Jesus j\u00e1 se refere a n\u00f3s, indicando sermos n\u00f3s os que fomos expulsos do para\u00edso celeste. Ele conclui sua revela\u00e7\u00e3o ao apresentar as condi\u00e7\u00f5es necess\u00e1rias para que possamos nos regenerar, retornar \u00e0 Vinha e seguir os passos da liberdade eterna, livres do pecado, superando nossas imperfei\u00e7\u00f5es.<\/p>\n<p>\u201c<em>34 Ent\u00e3o dir\u00e1 o Rei aos que estiverem \u00e0 sua direita: Vinde, benditos de meu Pai, possu\u00ed por heran\u00e7a o reino que vos est\u00e1 preparado desde a funda\u00e7\u00e3o do mundo; 35 porque tive fome, e deste-me de comer; tive sede, e deste-me de beber; era estrangeiro, e hospedaste-me; 36 estava nu, e vestiste-me; adoeci, e visitaste-me; estive na pris\u00e3o, e fostes ver-me. 37 Ent\u00e3o os justos lhe responder\u00e3o, dizendo: Senhor, quando te vimos com fome e te demos de comer? ou com sede, e te demos de beber? 38 E quando te vimos estrangeiro, e te hospedamos? ou nu, e te vestimos? 39 E quando te vimos enfermo, ou na pris\u00e3o, e fomos ver-te? 40 E dir\u00e1: Em verdade vos digo que, quando o fizestes a um destes meus pequeninos irm\u00e3os, a mim o fizestes\u201d.<\/em><\/p>\n<p>Regressando \u00e0 vida de esp\u00edrito, caminharemos para a perfei\u00e7\u00e3o e, juntos, fam\u00edlia do Cristo, teremos as atividades designadas pelo Pai que est\u00e1 nos C\u00e9us.<\/p>\n<p>Despontar\u00e1, ent\u00e3o, um irm\u00e3o do nosso rebanho, aquele que alcan\u00e7ou um grau maior na corrida para o Eterno, o Alfa e \u00d4mega, e dar\u00e1 in\u00edcio a um novo casamento; nesse evento, ele, o noivo, sob a prote\u00e7\u00e3o do Nosso Senhor Jesus Cristo, acompanhado de toda a comitiva perfeita, ouvir\u00e1 \u00e0 meia-noite um clamor: &#8220;A\u00ed vem o noivo, sa\u00ed-lhe ao encontro!&#8221;<em>\u00a0\u00a0<\/em>Nas eternidades dos tempos, no espa\u00e7o divino, eis que uma nova fam\u00edlia se juntar\u00e1. Os \u00faltimos ser\u00e3o os primeiros e os primeiros ser\u00e3o os \u00faltimos no Reino dos C\u00e9us.<\/p>\n<table style=\"border-collapse: collapse; width: 100%; height: 87px;\">\n<tbody>\n<tr style=\"height: 87px;\">\n<td style=\"width: 50%; height: 87px;\"><\/td>\n<td style=\"width: 50%; height: 87px;\"><b>Jesus, nosso eterno Irm\u00e3o maior, \u00e9\u00a0 o caminho, a verdade e a vida.\u00a0<\/b><b><\/b><\/td>\n<\/tr>\n<\/tbody>\n<\/table>\n<p><span style=\"color: #ffffff;\">r<\/span><a id=\"resumo\"><\/a><img decoding=\"async\" src=\"https:\/\/sodecristo.org.br\/hejme\/wp-content\/uploads\/2023\/05\/download.png\" class=\"aligncenter\" \/><\/p>\n<p><img loading=\"lazy\" decoding=\"async\" id=\"resumo_do_artigo\" src=\"https:\/\/sodecristo.org.br\/hejme\/wp-content\/uploads\/2023\/04\/ad_summam_resumo.jpg\" alt=\"\" width=\"900\" height=\"150\" class=\"aligncenter size-full wp-image-5813\" srcset=\"https:\/\/sodecristo.org.br\/hejme\/wp-content\/uploads\/2023\/04\/ad_summam_resumo.jpg 900w, https:\/\/sodecristo.org.br\/hejme\/wp-content\/uploads\/2023\/04\/ad_summam_resumo-300x50.jpg 300w, https:\/\/sodecristo.org.br\/hejme\/wp-content\/uploads\/2023\/04\/ad_summam_resumo-768x128.jpg 768w\" sizes=\"auto, (max-width: 900px) 100vw, 900px\" \/><\/p>\n<p><span style=\"font-family: arial, helvetica, sans-serif; font-size: 14pt;\">A constru\u00e7\u00e3o do nosso pr\u00f3prio Eu, de nossa pr\u00f3pria Vontade, para a nossa vida de Esp\u00edrito, se deve a incont\u00e1veis ciclos de mundos materiais sob os cuidados de Jesus.<\/span><\/p>\n<p data-pm-slice=\"1 1 []\"><span>Podemos parafrasear Jo\u00e3o Evangelista nos primeiros artigos de seu Evangelho: \u201cNo princ\u00edpio \u00e9ramos n\u00f3s, e n\u00f3s est\u00e1vamos com Deus, n\u00f3s \u00e9ramos Deus, Deus estava no princ\u00edpio conosco\u201d. Nosso Irm\u00e3o Maior nos acolheu, nos ajuntou e, nas sucess\u00f5es de mundos, ele nos d\u00e1 a garantia de entregar nossas almas em plena maturidade a Deus, em Imagem e em Semelhan\u00e7a.<\/span><\/p>\n<p><span>Este texto explora o que Jesus realmente quis dizer sobre a realidade de nossas vidas, desde o momento em que recebeu de Deus a tarefa de nos guiar para uma vida semelhante \u00e0 do Criador, que inclui ser esp\u00edrito com consci\u00eancia, ter livre arb\u00edtrio, exercer vontade e participar ativamente da vida nos espa\u00e7os siderais, que v\u00e3o do infinitamente pequeno ao infinitamente grande.<\/span><\/p>\n<p><span>O primeiro momento (Jo\u00e3o 3) \u00e9 o de Nicodemos, Jesus explicando para ele que al\u00e9m das coisas terrestres vividas por n\u00f3s, tem as celestiais, justamente de onde viemos para onde vamos, por isso o t\u00edtulo O Caminho, a Verdade e a Vida.<\/span><\/p>\n<p>O segundo momento (Mateus 25) refere-se ao per\u00edodo em que \u00e9ramos apenas centelhas, sendo moldados pelas experi\u00eancias materiais, com o objetivo de desenvolver consci\u00eancia e alcan\u00e7ar as alturas na vida de Esp\u00edritos formados.<\/p>\n<p><span>Jesus disse essas par\u00e1bolas sabendo que elas seriam entendidas somente quando pud\u00e9ssemos compreender a realidade da vida na exist\u00eancia.<\/span><\/p>\n","protected":false},"excerpt":{"rendered":"<p>10 Jesus respondeu e disse-lhe:Tu \u00e9s mestre de Israel, e\u00a0 n\u00e3o sabes isso? 11 Na verdade, na verdade te digo que dizemos o que sabemos e testificamos o que vimos;\u00a0 e n\u00e3o aceitais o nosso testemunho. 12 Se vos falei de coisas terrestres, e n\u00e3o crestes, como crereis, se vos [&hellip;]<\/p>\n","protected":false},"author":1,"featured_media":4520,"parent":0,"menu_order":0,"comment_status":"closed","ping_status":"closed","template":"","meta":{"_monsterinsights_skip_tracking":false,"_monsterinsights_sitenote_active":false,"_monsterinsights_sitenote_note":"","_monsterinsights_sitenote_category":0,"footnotes":""},"class_list":["post-5592","page","type-page","status-publish","has-post-thumbnail","hentry"],"jetpack_sharing_enabled":true,"_links":{"self":[{"href":"https:\/\/sodecristo.org.br\/hejme\/wp-json\/wp\/v2\/pages\/5592","targetHints":{"allow":["GET"]}}],"collection":[{"href":"https:\/\/sodecristo.org.br\/hejme\/wp-json\/wp\/v2\/pages"}],"about":[{"href":"https:\/\/sodecristo.org.br\/hejme\/wp-json\/wp\/v2\/types\/page"}],"author":[{"embeddable":true,"href":"https:\/\/sodecristo.org.br\/hejme\/wp-json\/wp\/v2\/users\/1"}],"replies":[{"embeddable":true,"href":"https:\/\/sodecristo.org.br\/hejme\/wp-json\/wp\/v2\/comments?post=5592"}],"version-history":[{"count":81,"href":"https:\/\/sodecristo.org.br\/hejme\/wp-json\/wp\/v2\/pages\/5592\/revisions"}],"predecessor-version":[{"id":6623,"href":"https:\/\/sodecristo.org.br\/hejme\/wp-json\/wp\/v2\/pages\/5592\/revisions\/6623"}],"wp:featuredmedia":[{"embeddable":true,"href":"https:\/\/sodecristo.org.br\/hejme\/wp-json\/wp\/v2\/media\/4520"}],"wp:attachment":[{"href":"https:\/\/sodecristo.org.br\/hejme\/wp-json\/wp\/v2\/media?parent=5592"}],"curies":[{"name":"wp","href":"https:\/\/api.w.org\/{rel}","templated":true}]}}