{"id":5378,"date":"2021-09-02T21:19:44","date_gmt":"2021-09-03T00:19:44","guid":{"rendered":"https:\/\/sodecristo.org.br\/hejme\/?page_id=5378"},"modified":"2026-04-22T07:36:17","modified_gmt":"2026-04-22T10:36:17","slug":"vos-nao-sois-das-minhas-ovelhas","status":"publish","type":"page","link":"https:\/\/sodecristo.org.br\/hejme\/vos-nao-sois-das-minhas-ovelhas\/","title":{"rendered":"V\u00f3s N\u00e3o Sois das Minhas Ovelhas"},"content":{"rendered":"<p><strong><span style=\"font-size: 8pt;\"><br \/>\n<img loading=\"lazy\" decoding=\"async\" src=\"https:\/\/sodecristo.org.br\/hejme\/wp-content\/uploads\/2021\/09\/nao_ovelhas_novo_site-300x201.jpg\" class=\"alignleft\" width=\"246\" height=\"165\" \/>26 &#8211; Mas v\u00f3s n\u00e3o credes, porque n\u00e3o sois das minhas ovelhas, como <\/span><span style=\"font-size: 10pt;\"><span style=\"font-size: 8pt;\">j\u00e1 vo-lo disse \u2014 Jesus (Jo\u00e3o 10).<\/span><\/span><\/strong><\/p>\n<p style=\"text-align: left;\">Jesus, o Pastor Celeste, na sua visita \u00e0 Terra, exercendo a express\u00e3o mais alta do Amor, assinala a estrada da vida que devemos percorrer para retornarmos ao aprisco, de onde tivemos que nos separar temporariamente.<\/p>\n<p>Como fundador e governador do nosso Planeta, Jesus zela por nossas vidas desde o come\u00e7o e, em seu Evangelho, disse: &#8220;O c\u00e9u e a terra passar\u00e3o, mas as minhas palavras n\u00e3o passar\u00e3o, as minhas palavras s\u00e3o esp\u00edrito e vida&#8221;, afirmando que todos os seus dizeres s\u00e3o fontes de profundos e reais ensinos para a compreens\u00e3o e pr\u00e1tica, a serem entendidos em inst\u00e2ncias progressivas na cultura humana.<\/p>\n<p>Tudo que disse foi registrado nas p\u00e1ginas dos Evangelhos pelos evangelistas, com total assist\u00eancia dos Esp\u00edritos Celestes respons\u00e1veis, servindo \u00e0 ordem do Mestre em narra\u00e7\u00f5es fi\u00e9is de Sua fala, no transcurso daqueles tr\u00eas anos de absoluto afeto.<\/p>\n<p>Fen\u00f4meno de alta fidelidade que podemos comparar com o ocorrido com Allan Kardec, narrado pelos Esp\u00edritos, quando na prepara\u00e7\u00e3o do Evangelho Segundo o Espiritismo, cujo conte\u00fado deveria se tratar de uma obra inspirada pelas entidades espirituais, para chegar aos cora\u00e7\u00f5es crist\u00e3os de forma fidedigna aos ensinos desta hora derradeira, das promessas do Cristo.<\/p>\n<p>As palavras acima, em ep\u00edgrafe, podemos seguramente afirmar que se trata de Esp\u00edritos que est\u00e3o na Terra, exilados, enviados para c\u00e1 como seres que de alguma forma foram necess\u00e1rios a deixarem seu planeta, como recurso indispens\u00e1vel pela obstina\u00e7\u00e3o de seus conceitos, permanecendo morosos ou recalcitrantes no progresso moral e\/ou espiritual de sua humanidade conforme recomenda\u00e7\u00f5es do Cristo, governador e fundador do Planeta de onde s\u00e3o nativos. Abstra\u00e7\u00e3o feita aos Esp\u00edritos que se disponibilizam para tarefas nobres, de natureza proveitosa, facultando o progresso a v\u00e1rios setores na sociedade anfitri\u00e3.<\/p>\n<p>Assim se desenvolve a humanidade primitiva de cada orbe, com o seu Cristo a zelar pelas almas, em transmigra\u00e7\u00f5es tempor\u00e1rias, ensinando, aprendendo, at\u00e9 se verem transl\u00facidas, isentas da cegueira da carne, j\u00e1 em companhia com os Irm\u00e3os da segunda ordem, Esp\u00edritos sem as heran\u00e7as da vida primitiva, encantados com a realeza do Pastor Divino que d\u00e1 a sua vida pelas suas ovelhas desde o come\u00e7o e entrega-as puras ao Pai.<\/p>\n<p>Embora possamos achar que certas palavras n\u00e3o t\u00eam um sentido l\u00f3gico, de acordo com nossa capacidade de avalia\u00e7\u00e3o, Jesus as pronunciou em alta voz e com clareza, n\u00e3o na dial\u00e9tica humana, pois \u00e9 um Esp\u00edrito sideral, conhecido como \u201cFilho da Luz\u201d, anunciando, informando e reafirmando, de acordo com sua natureza divina, uma vontade \u00fanica e exclusiva. Est\u00e3o escritas naquelas p\u00e1ginas luminosas, um verdadeiro tesouro, a serem estudadas para a confirma\u00e7\u00e3o de que tudo que pronunciou tem um sentido absoluto, ao fim que ele nos aponta, a sermos imagens e semelhan\u00e7as perfeitas na Exist\u00eancia Divina.<\/p>\n<p>A advert\u00eancia de Jesus de que nada poder\u00e1 ser exclu\u00eddo de suas afirma\u00e7\u00f5es contidas no seu Evangelho foi na inten\u00e7\u00e3o de, mais tarde, serem desvendadas em esp\u00edrito e verdade as ricas informa\u00e7\u00f5es real\u00edsticas ali contidas.<\/p>\n<p>Jesus conhecia todo o povo que chegava at\u00e9 ele, sabia que Esp\u00edritos eram aqueles que o enfrentavam, e afirmava serem eles n\u00e3o das suas ovelhas, e que, com o tempo, saber\u00edamos serem eles de outros mundos, ovelhas de outros Cristos, de outros sistemas. Esp\u00edritos exilados, afastados de seus planetas, provisoriamente.<\/p>\n<p>Essa \u00e9 a mec\u00e2nica da vida interplanet\u00e1ria. Constante renova\u00e7\u00e3o se realiza em cada humanidade. \u00c9 um sistema que facilita o avan\u00e7o das almas que est\u00e3o despertando do sono profundo, para abrilhantar, de volta, o rebanho de seu Cristo. Em uma \u00e9poca que se vai bem longe, necessitamos passar pela morte compuls\u00f3ria, pelas vias das encarna\u00e7\u00f5es materiais, sucessivas. \u00c9 o \u00fanico meio de nos livrarmos das n\u00f3doas das imperfei\u00e7\u00f5es que restam em nossos esp\u00edritos, e nascer de novo para a Vida.<\/p>\n<p>Esp\u00edritos atrasados em seu planeta, levados a planetas inferiores, n\u00e3o deixam de ter muitas informa\u00e7\u00f5es necess\u00e1rias ao progresso dos que os recebem. Em tempos de renova\u00e7\u00f5es, este \u00e9 um item fortemente realizado.<\/p>\n<p>Com a garantia da superioridade nos conhecimentos da vida, os esp\u00edritos chegantes, ao se encarnarem, percebem que possuem predom\u00ednio nas atividades hodiernas, que s\u00e3o necess\u00e1rias para a ordem das coisas no ambiente em que vivem. Sentem-se capacitados, por encontrar facilidade de adapta\u00e7\u00e3o em cada demanda na sociedade, tornam-se instrumentos \u00fateis para o avan\u00e7o das intelig\u00eancias dos moradores naturais do planeta, os \u201cpobres de esp\u00edrito\u201d de Jesus.<\/p>\n<p>A quantidade desses esp\u00edritos \u00e9 enorme em meio a cada na\u00e7\u00e3o. Os esp\u00edritos encarnados j\u00e1 recebem os primeiros impactos da mudan\u00e7a e sentem-se \u00fateis pela facilidade que encontram para desenvolver suas inten\u00e7\u00f5es, tornando-se irm\u00e3os comuns a todos, mas sempre se destacando em assuntos e feitos in\u00e9ditos. Alguns se tornam muito austeros para com os seus familiares, servidores, s\u00faditos e outros segmentos, por zelo inflex\u00edvel ou por incomplac\u00eancia.<\/p>\n<p>Uns e outros deixam-se levar pela m\u00e1 \u00edndole e n\u00e3o cedem \u00e0 possibilidade de seu retorno r\u00e1pido ao lar de origem. O orgulho enceguece essas almas a ponto de n\u00e3o perceberem a simplicidade nas coisas da vida, e elas se apartam delas, acreditando serem os iluminados para controlar as \u201cclasses inferiores\u201d com a polidez da vaidade, conduzindo por largos s\u00e9culos as<span>\u00a0<\/span><span>gentes<\/span><span> sofredoras, herdeira<\/span><span>s<\/span><span> do galard\u00e3o pelas lutas e resigna\u00e7\u00e3o <\/span><span>em Jesus<\/span><span>.<\/span><\/p>\n<p>Pobres de esp\u00edrito, a que Jesus se refere, s\u00e3o os fariseus, muitos deles, que n\u00e3o eram das suas ovelhas, n\u00e3o tinham a m\u00ednima afinidade pelos residentes, sentiam que se tratava de crendice do povo, de acreditar em promessas que n\u00e3o fossem de acordo com suas interpreta\u00e7\u00f5es ambiciosas. Nisso, os fariseus armavam todas as artimanhas para t\u00ea-los em seu dom\u00ednio, com afirma\u00e7\u00f5es falsas, criadas em torno de promessas, com muita ornamenta\u00e7\u00e3o e lisonjas para alguns e ataques, proibi\u00e7\u00f5es e indiferen\u00e7a para muitos, que duvidavam de suas garantias falsas e exageradas.<\/p>\n<p>Da\u00ed, o afastamento de grande parte do povo das sinagogas; os primeiros lugares n\u00e3o eram para eles. Faziam seus estudos, todas as tardes, em suas casas, onde eles se consolavam nas promessas de reden\u00e7\u00e3o, registradas nas escrituras sagradas.<\/p>\n<p>Hoje, aqueles que t\u00eam em suas m\u00e3os vidas e as utilizam para empreendimentos que beneficiam a humanidade, especialmente os que divulgam o Evangelho de Jesus como instru\u00e7\u00e3o primordial para o enriquecimento da alma humana, precisam entender as vantagens e desvantagens de administrar os bens do Empreendedor Contratante.<\/p>\n<p>O Evangelho de Jesus \u00e9 vasto, o Esp\u00edrito Santo que, em nome d&#8217;Ele, o Pai enviou a n\u00f3s, para represent\u00e1-lo na sua integral e real acep\u00e7\u00e3o, conforme nos indicou, para ajust\u00e1-lo \u00e0s novas gera\u00e7\u00f5es.<\/p>\n<p>Por\u00e9m, magn\u00e2nima \u00e9 a miseric\u00f3rdia dos Cristos que cuidam de todos com igual carinho e, jubilosos, recebem seus tutelados no regresso das lidas em outras Terras. <em>Em verdade, em verdade vos digo que o bem que fizestes \u00e0queles pequeninos distantes, a mim o fizestes<\/em>.<\/p>\n<p>&nbsp;<\/p>\n","protected":false},"excerpt":{"rendered":"<p>26 &#8211; Mas v\u00f3s n\u00e3o credes, porque n\u00e3o sois das minhas ovelhas, como j\u00e1 vo-lo disse \u2014 Jesus (Jo\u00e3o 10). Jesus, o Pastor Celeste, na sua visita \u00e0 Terra, exercendo a express\u00e3o mais alta do Amor, assinala a estrada da vida que devemos percorrer para retornarmos ao aprisco, de onde [&hellip;]<\/p>\n","protected":false},"author":1,"featured_media":5391,"parent":0,"menu_order":0,"comment_status":"closed","ping_status":"closed","template":"","meta":{"_monsterinsights_skip_tracking":false,"_monsterinsights_sitenote_active":false,"_monsterinsights_sitenote_note":"","_monsterinsights_sitenote_category":0,"footnotes":""},"class_list":["post-5378","page","type-page","status-publish","has-post-thumbnail","hentry"],"jetpack_sharing_enabled":true,"_links":{"self":[{"href":"https:\/\/sodecristo.org.br\/hejme\/wp-json\/wp\/v2\/pages\/5378","targetHints":{"allow":["GET"]}}],"collection":[{"href":"https:\/\/sodecristo.org.br\/hejme\/wp-json\/wp\/v2\/pages"}],"about":[{"href":"https:\/\/sodecristo.org.br\/hejme\/wp-json\/wp\/v2\/types\/page"}],"author":[{"embeddable":true,"href":"https:\/\/sodecristo.org.br\/hejme\/wp-json\/wp\/v2\/users\/1"}],"replies":[{"embeddable":true,"href":"https:\/\/sodecristo.org.br\/hejme\/wp-json\/wp\/v2\/comments?post=5378"}],"version-history":[{"count":14,"href":"https:\/\/sodecristo.org.br\/hejme\/wp-json\/wp\/v2\/pages\/5378\/revisions"}],"predecessor-version":[{"id":6670,"href":"https:\/\/sodecristo.org.br\/hejme\/wp-json\/wp\/v2\/pages\/5378\/revisions\/6670"}],"wp:featuredmedia":[{"embeddable":true,"href":"https:\/\/sodecristo.org.br\/hejme\/wp-json\/wp\/v2\/media\/5391"}],"wp:attachment":[{"href":"https:\/\/sodecristo.org.br\/hejme\/wp-json\/wp\/v2\/media?parent=5378"}],"curies":[{"name":"wp","href":"https:\/\/api.w.org\/{rel}","templated":true}]}}