{"id":4686,"date":"2019-08-28T13:58:53","date_gmt":"2019-08-28T16:58:53","guid":{"rendered":"https:\/\/sodecristo.org.br\/hejme\/?page_id=4686"},"modified":"2025-05-10T10:43:46","modified_gmt":"2025-05-10T13:43:46","slug":"expressao-universal-do-pensamento","status":"publish","type":"page","link":"https:\/\/sodecristo.org.br\/hejme\/expressao-universal-do-pensamento\/","title":{"rendered":"Express\u00e3o Universal do Pensamento"},"content":{"rendered":"<p><img decoding=\"async\" src=\"https:\/\/sodecristo.org.br\/hejme\/wp-content\/uploads\/2019\/10\/expressao_universal_pensamento_novo_site-300x201.jpg\" alt=\"https:\/\/sodecristo.org.br\/hejme\/wp-content\/uploads\/2019\/10\/expressao_universal_pensamento_novo_site-300x201.jpg\" class=\"alignleft\" \/>Ideia interna que se manifesta na l\u00edngua Esperanto, tem seu princ\u00edpio nas Vontades celestes, por ser um recurso que se identifica com os prop\u00f3sitos do Cristo, de levar a Humanidade \u00e0 paz duradoura, miss\u00e3o de conduzir-nos ao estado de um povo manso e pac\u00edfico, identificados com o Mundo dos Esp\u00edritos, estabelecendo definitivamente a qualidade de ser ela a express\u00e3o universal do pensamento.<\/p>\n<p>Emmanuel nos coloca na pista de uma realidade transcendental com essa valiosa informa\u00e7\u00e3o; devemos praticar com todo empenho e com toda nossa f\u00e9 esp\u00edrita, para o entendimento dessa l\u00edngua e, quando estivermos em pleno uso do idioma divino, consuetudin\u00e1rio e estabelecido na alma da humanidade, estaremos no pr\u00f3ximo passo rumo ao futuro, a nos levar \u00e0 sintonia do pensamento por disciplina e afinidade, em pleno impulso \u00e0 efetiva comunica\u00e7\u00e3o mental.<\/p>\n<p>Estamos tendo o privil\u00e9gio de enxergar a a\u00e7\u00e3o \u00edntima dessa l\u00edngua, a ideia interna que procede do mundo espiritual, em uso devidamente empregado ao plano Cr\u00edstico de cada planeta que se encontra a um grau de entendimento elevado: a humanidade j\u00e1 vivendo os momentos de novos rumos a seguir, a realidade do Esp\u00edrito.<\/p>\n<p>Express\u00e3o universal do pensamento, \u00e9 a comunica\u00e7\u00e3o mental dos Esp\u00edritos, que tem em sua estrutura um perfeito equil\u00edbrio; inflexibilidade e aus\u00eancia de elementos estranhos que caracteriza ru\u00eddos na comunica\u00e7\u00e3o. Transmite e recebe numa mesma sintonia os quanta criados pela mente, compondo as ideias que se quer para o entendimento m\u00fatuo. Esses quantuns graficamente representados s\u00e3o, nada mais e nada menos, as palavras, para n\u00f3s, encarnados.<\/p>\n<p><span lang=\"pt-BR\">Cada palavra \u00e9 um quantum de energia que n\u00e3o tem a m\u00ednima chance de se parecer com qualquer outra no repert\u00f3rio a ser representado na comunica\u00e7\u00e3o <\/span><span lang=\"pt-BR\">entre<\/span><span lang=\"pt-BR\"> <\/span><span lang=\"pt-BR\">dois<\/span><span lang=\"pt-BR\"> ou mais indiv\u00edduos, <\/span><span lang=\"pt-BR\">a n\u00e3o ser ela mesma em outr<\/span><span lang=\"pt-BR\">as falas<\/span><span lang=\"pt-BR\">; n\u00e3o tendo sinal algum de perda ou acr\u00e9scimo pela repeti\u00e7\u00e3o.<\/span><span lang=\"pt-BR\"> <\/span><span lang=\"pt-BR\">Esse \u00e9 o pensamento que precisamos transmitir, ao mesmo tempo que emitimos as palavras <\/span><span lang=\"pt-BR\">quando em uso da l\u00edngua Esperanto<\/span><span lang=\"pt-BR\">. <\/span><\/p>\n<p><span lang=\"pt-BR\">Em nossas comunica\u00e7\u00f5es terrenas, <\/span><span lang=\"pt-BR\">de um modo geral, isso <\/span><span lang=\"pt-BR\">ainda n\u00e3o acontece por haver muita <\/span><span lang=\"pt-BR\">desigualdade,<\/span><span lang=\"pt-BR\"> tanto na express\u00e3o gr\u00e1fica da ideia emitida quanto na pr\u00f3pria ideia, que a mente iludida pelos conhecimentos at\u00e1vicos, n\u00e3o teve<\/span><span lang=\"pt-BR\">\u00a0uma reciclagem justa at\u00e9 ent\u00e3o.<\/span><\/p>\n<p><span lang=\"pt-BR\">Em um outro momento, <\/span><span lang=\"pt-BR\">de sua sagrada miss\u00e3o, <\/span><span lang=\"pt-BR\">nosso Irm\u00e3o Emmanuel disse ser<\/span><span lang=\"pt-BR\">em<\/span><span lang=\"pt-BR\"> a<\/span><span lang=\"pt-BR\">s<\/span><span lang=\"pt-BR\"> palavra<\/span><span lang=\"pt-BR\">s<\/span><span lang=\"pt-BR\">, o retrato de nossas almas, <\/span><span lang=\"pt-BR\">nada mais que a <\/span><span lang=\"pt-BR\">express\u00e3o pessoal do pensamento; <\/span><span lang=\"pt-BR\">u<\/span><span lang=\"pt-BR\">ma l\u00edngua \u00e9 a express\u00e3o coletiva <\/span><span lang=\"pt-BR\">do pensamento <\/span><span lang=\"pt-BR\">de seu povo; <\/span><span lang=\"pt-BR\">o<\/span><span lang=\"pt-BR\"> que cada povo emite, confirma a disparidade de regras que existem entre na\u00e7\u00f5es, regi\u00f5es e vizinhos. <\/span><\/p>\n<p><span lang=\"pt-BR\">A express\u00e3o Universal do Pensamento \u00e9 a linguagem dos Esp\u00edritos, quando <\/span><span lang=\"pt-BR\">utilizada<\/span><span lang=\"pt-BR\"> no <\/span><span lang=\"pt-BR\">espa\u00e7o<\/span><span lang=\"pt-BR\"> <\/span><span lang=\"pt-BR\">a n\u00edvel <\/span><span lang=\"pt-BR\">Sideral<\/span><span lang=\"pt-BR\">. <\/span><span lang=\"pt-BR\"> <\/span><\/p>\n<p>Bilh\u00f5es de Esp\u00edritos encarnados, quando deixam a Terra, levam consigo os mesmos conceitos de seu povo, para as suas Na\u00e7\u00f5es no Invis\u00edvel, cont\u00edguo ao F\u00edsico, com diferen\u00e7as n\u00e3o muito distantes das que deixaram entre as terrenas.<\/p>\n<p>Nosso irm\u00e3o, pelas suas reveladoras palavras, filtradas por um canal extraordinariamente de confian\u00e7a, o nosso Chico, indica-nos ser o Esperanto a linguagem universal do pensamento, materializada para a uni\u00e3o dos povos neste mundo de prova\u00e7\u00f5es nos dois planos da vida.<\/p>\n<p>Todas as seitas e religi\u00f5es, conscientes da origem da l\u00edngua Esperanto e do seu objetivo, se incumbir\u00e3o de exerc\u00ea-la e de zelar por ela na humanidade, pela express\u00e3o fundamental, incorrupt\u00edvel, de onde foi tomada por base.<\/p>\n<p>Aproximam-se as Bem-aventuran\u00e7as!<\/p>\n","protected":false},"excerpt":{"rendered":"<p>Ideia interna que se manifesta na l\u00edngua Esperanto, tem seu princ\u00edpio nas Vontades celestes, por ser um recurso que se identifica com os prop\u00f3sitos do Cristo, de levar a Humanidade \u00e0 paz duradoura, miss\u00e3o de conduzir-nos ao estado de um povo manso e pac\u00edfico, identificados com o Mundo dos Esp\u00edritos, [&hellip;]<\/p>\n","protected":false},"author":1,"featured_media":4935,"parent":0,"menu_order":1,"comment_status":"closed","ping_status":"closed","template":"","meta":{"_monsterinsights_skip_tracking":false,"_monsterinsights_sitenote_active":false,"_monsterinsights_sitenote_note":"","_monsterinsights_sitenote_category":0,"footnotes":""},"class_list":["post-4686","page","type-page","status-publish","has-post-thumbnail","hentry"],"jetpack_sharing_enabled":true,"_links":{"self":[{"href":"https:\/\/sodecristo.org.br\/hejme\/wp-json\/wp\/v2\/pages\/4686","targetHints":{"allow":["GET"]}}],"collection":[{"href":"https:\/\/sodecristo.org.br\/hejme\/wp-json\/wp\/v2\/pages"}],"about":[{"href":"https:\/\/sodecristo.org.br\/hejme\/wp-json\/wp\/v2\/types\/page"}],"author":[{"embeddable":true,"href":"https:\/\/sodecristo.org.br\/hejme\/wp-json\/wp\/v2\/users\/1"}],"replies":[{"embeddable":true,"href":"https:\/\/sodecristo.org.br\/hejme\/wp-json\/wp\/v2\/comments?post=4686"}],"version-history":[{"count":6,"href":"https:\/\/sodecristo.org.br\/hejme\/wp-json\/wp\/v2\/pages\/4686\/revisions"}],"predecessor-version":[{"id":6444,"href":"https:\/\/sodecristo.org.br\/hejme\/wp-json\/wp\/v2\/pages\/4686\/revisions\/6444"}],"wp:featuredmedia":[{"embeddable":true,"href":"https:\/\/sodecristo.org.br\/hejme\/wp-json\/wp\/v2\/media\/4935"}],"wp:attachment":[{"href":"https:\/\/sodecristo.org.br\/hejme\/wp-json\/wp\/v2\/media?parent=4686"}],"curies":[{"name":"wp","href":"https:\/\/api.w.org\/{rel}","templated":true}]}}